6)) - -3. Suppose -3*p = -k - 10. Suppose 5*l = p*i + 30, 2*i = l - 2*l + 15. What are the prime factors of l?
3
Suppose 10*s = 5*s - 90. Let b = s + 23. Suppose -193 = -b*j - 13. List the prime factors of j.
2, 3
Let a(u) = 4*u - 2. Let k(t) = -t + 1. Let m(p) = -3*a(p) - 8*k(p). Let x(r) = -5*r - 3. Let w(q) = -4*m(q) + 3*x(q). What are the prime factors of w(10)?
3
Suppose -2*y - 542 = -2*x - y, 5*y - 271 = -x. List the prime factors of x.
271
Suppose 3*j - 1257 = -b, 24*b - 27*b = -2*j + 827. What are the prime factors of j?
2, 11, 19
Let u(g) = g**3 + g + 56. Let t be u(0). Suppose 0 = -2*b - 0*i - i - 59, -4*b - i = 123. Let r = t + b. List the prime factors of r.
2, 3
Let w = -271 - -409. Let u = 268 - w. What are the prime factors of u?
2, 5, 13
Suppose -13*g = -14*g + 1. Let k be g/(-3) - (-860)/15. Let c = k - 29. List the prime factors of c.
2, 7
Suppose -5*t = -113*p + 111*p + 2048, 2*t + 5120 = 5*p. List the prime factors of p.
2
Suppose -5*s - 16482 = -3*f, 16482 = 160*f - 157*f - 4*s. What are the prime factors of f?
2, 41, 67
Let j(b) be the first derivative of 4*b**3/3 + b**2 + 19*b + 9. What are the prime factors of j(-6)?
151
Let w(f) = -591*f**3 - 6*f**2 + f - 7. List the prime factors of w(-2).
3, 5, 313
Let z(q) = -q**2 - 14*q + 17. What are the prime factors of z(-13)?
2, 3, 5
Let i = 479 - 139. What are the prime factors of i?
2, 5, 17
Let t(g) = 5*g + 14. Let q be t(-3). Let i = 98 + q. What are the prime factors of i?
97
Let y(v) = 27*v**2 + 2*v + 3. Let h be y(-5). Suppose 2*n - h = -n + 4*p, 4*n + p = 878. Suppose 4*c + c - n = 0. List the prime factors of c.
2, 11
Suppose 3*h + 9 = -3*x, 9 + 0 = -3*x. What are the prime factors of (h + -140)*(-5 + 85/20)?
3, 5, 7
Suppose -44*w + 57*w = 11323. List the prime factors of w.
13, 67
Suppose -4*x - 2*r = -120, 5*x - 136 = 3*r - 2*r. Suppose 8*j - 260 = -x. List the prime factors of j.
29
Let d(v) = -v + 12. Let r(t) = -t**2 + 9*t + 5. Let o be r(7). Suppose -3*a = f - o, 21 = 3*a + 2*f + f. What are the prime factors of d(a)?
2, 3
Let t = -43 + 102. Let k = 126 - t. What are the prime factors of k?
67
Suppose 2*m + x - 22 = 5*x, 5*m - 4*x = 31. Suppose -m*h + 78 + 39 = 0. List the prime factors of h.
3, 13
Let w(j) be the third derivative of 0 - 7/24*j**4 + 1/60*j**5 - 5*j**2 + 0*j + j**3. List the prime factors of w(9).
2, 3
Suppose 0 = -2*j + 4*h + 28 - 4, 0 = -3*j + 4*h + 32. Let s(v) = v**2 - 8*v - 2. Let f be s(j). List the prime factors of 1*f/(-2)*31.
31
Suppose 52170 = -13*y + 50*y. List the prime factors of y.
2, 3, 5, 47
Let l = 395 + -88. Suppose -l = p + 26. What are the prime factors of p/(-12) + (-2)/(-8)?
2, 7
Let l be 10/4 - 10/20. Suppose -28 = -l*c - 2*c. Suppose -4*s = -23 + c. List the prime factors of s.
2
What are the prime factors of ((-1 - -3) + -3)*-223?
223
Let y = -240 + 167. List the prime factors of (-3)/6 - y/2.
2, 3
Let w(m) = -m**3 + 16*m**2 - 10. Let r be w(16). Let p(s) = s**3 + 9*s**2 - 15*s - 9. List the prime factors of p(r).
41
Let p(v) = -3*v + 11. Let j be p(5). Let f be (-6 + (0 - j))*-1. List the prime factors of ((-18)/(-15))/(f/55).
3, 11
List the prime factors of (7 - (-216)/(-40))*2235.
2, 3, 149
Suppose 1158 - 78 = 5*k. Suppose -3*p - 3*q = -k, p - 147 = -p - 5*q. Let y = p + -37. List the prime factors of y.
2, 17
Let o be (-46)/(-10) - 6/(-15). Let g(z) = 56*z - 366. Let y be g(7). Suppose 0 = o*s - 99 - y. List the prime factors of s.
5
Let o(t) = t**3 - t**2 - t - 2. Let y = 8 - 5. List the prime factors of o(y).
13
Suppose -8*i + 3*i = -75. Let m = 41 - i. What are the prime factors of m?
2, 13
Suppose 3*a = -23*k + 25*k - 1586, -4*a - 1582 = -2*k. What are the prime factors of k?
17, 47
Let b(v) = -6*v + 5. Let s be b(5). What are the prime factors of (-2)/5 + (-1435)/s?
3, 19
Suppose -g = 2*d - 1, -6 = 4*g + d - 3. Let b(y) = -86*y + 1. Let r be b(g). Let q = r + -42. What are the prime factors of q?
3, 5
Let g be -3 - ((-4)/2 - 3). Suppose 4*s - 2*a = 284 - 34, 0 = g*s + a - 131. What are the prime factors of s?
2
Let a(f) = 38*f - 327. What are the prime factors of a(44)?
5, 269
Let w(u) be the first derivative of -3 + 4*u + 10*u + 0 + 6 + 2*u**2. What are the prime factors of w(7)?
2, 3, 7
Let y = 562 - -69. What are the prime factors of y?
631
Suppose -8388 = 1020*o - 1029*o. What are the prime factors of o?
2, 233
Let g(n) = -2*n**3 - 2*n**2 - 2*n - 2. Let t be g(-3). Let w be 24/t + (-44)/(-10). Suppose -h + 1 + 13 = q, -2*h - 42 = -w*q. List the prime factors of q.
2, 5
Suppose 0 = 4*t - 16*u + 14*u - 1210, u - 1219 = -4*t. Let h = t + -129. What are the prime factors of h?
5, 7
List the prime factors of 1068/(-16)*(-1 + 388/(-12)).
5, 89
Let u = 2 - -2. Suppose u*g - 2*z - 36 = -7*z, -4*g = 3*z - 44. What are the prime factors of g?
2, 7
Let w be (-38)/(-14) + (-2)/(-7). Suppose 2*l - 7*a = -w*a + 28, -4*l - a = -92. What are the prime factors of l - 6/(-2)*-1?
19
Suppose -2*a + j + 1959 = 3*a, 2*a + j = 778. Suppose 3*b - 392 = 4*w, -3*b = 4*w - a - 9. What are the prime factors of b?
2, 3, 11
Let h be (1 - -2)/((-12)/(-188)). Let n = -26 + h. List the prime factors of n.
3, 7
Let n = -949 + 2066. What are the prime factors of n?
1117
Let w(g) = g**3 - 10*g**2 + g - 7. Let u be w(10). Suppose -191 = -2*q + b - 0*b, 181 = 2*q - u*b. What are the prime factors of q?
2, 7
Suppose -2 = -3*k + 13. Suppose -k*g = -2*g - 312. What are the prime factors of g?
2, 13
Suppose -7*t = -230 - 71. Suppose -t*s = -44*s + 8. What are the prime factors of s?
2
Let c be 2/((-8)/4)*6. Let p be 3/(-1) - c - 0. Suppose p*g = 44 - 14. List the prime factors of g.
2, 5
Let c(q) = 3*q**3 + 4*q**2 - 4*q - 4. List the prime factors of c(3).
101
Let y(x) = 9*x**3 - 15*x**2 - 6*x - 14. List the prime factors of y(7).
2, 7, 41
Suppose -2*z - 4 = -4*x, 2*z + 2*x - 34 = -z. Let u = z - -42. Suppose 3*l - l = u. What are the prime factors of l?
5
Let t be (-1)/(4 - (-105)/(-27)). Let k be (4 - (-42)/t)*-3. Suppose k*u = u + 35. List the prime factors of u.
5, 7
Let i(j) = j**3 + 30*j**2 + 30*j + 13. What are the prime factors of i(-12)?
5, 449
Let b(g) = -g**3 - 6*g**2 - g - 2. Let m be b(-6). Let j be (-1)/2 - (-262)/4. Suppose m*p = -p + j. List the prime factors of p.
13
Suppose -5*m - 5*g = -30, 6 = -5*m + 5*g - g. Let d be (m/6)/((-6)/18). List the prime factors of ((-12)/16)/(d/40).
2, 3, 5
Suppose 3*o = 2*o - 4*p - 219, -3*o + 5*p = 640. Let d = -114 - o. List the prime factors of d.
101
Suppose -3*y = -11 - 1. Let b = y - 2. List the prime factors of -1 - (-28 + b/(-1)).
29
Let u(i) = -11*i - 23. Let h be u(-7). Let c = h + -25. List the prime factors of c.
29
Let r = 8 + 38. Suppose b - 99 = -r. List the prime factors of b.
53
Let s(w) = -54*w + 498. What are the prime factors of s(-74)?
2, 3, 7, 107
Suppose 656 = -42*n + 43*n. List the prime factors of n.
2, 41
Let i = 359 - 119. Suppose -u + 6*u = i. Suppose 3*m - u = -0*m. List the prime factors of m.
2
Let p = -59 - -85. Let v = -13 + p. Suppose 0 = v*t - 15*t + 32. List the prime factors of t.
2
What are the prime factors of 295*1*232/145?
2, 59
Let l(g) = -9*g - 99. Let h(z) = -5*z - 49. Let s(j) = 7*h(j) - 4*l(j). List the prime factors of s(-9).
2, 11
Suppose 25 = -3*i - 11. Suppose -4*t = 51 + 53. Let c = i - t. What are the prime factors of c?
2, 7
Let j(o) be the third derivative of o**6/360 + o**5/60 - o**4/4 + o**3 + 9*o**2. Let d(m) be the first derivative of j(m). List the prime factors of d(-5).
3
Let d(a) = 466*a - 569. What are the prime factors of d(6)?
17, 131
List the prime factors of -1 + 3/9 - 4724/(-12).
3, 131
Let n be 3 + -4*(-1 - 8/(-4)). List the prime factors of 42*(n/2 - -2).
3, 7
Suppose 15 = -t - 4*t - 5*y, 2*y + 5 = -3*t. Let a(r) = -7 + 2*r**2 + 2 - 2*r - t. List the prime factors of a(4).
2, 3
Let j = 7 - 6. Let t be (-7 + 4)*(j + -2). Suppose -13 = -2*f + 3*o, t*f - 1 + 4 = -3*o. List the prime factors of f.
2
Let q(z) be the first derivative of 11*z**2/2 - 13*z - 10. Let w be q(6). Suppose l - f - 4*f = 16, 2*f = -5*l + w. List the prime factors of l.
11
Suppose 4*m + 2*n = 24, 1 = m + 4*n + 2. Suppose m*u = 2*u + 215. What are the prime factors of u?
43
Let m(y) = -y**3 + y**2 + y - 27. Let v be m(0). Let p be ((-14)/6)/((-3)/v). Let s = p 